[encoded data, 7620 characters]";s:15:"brizy-use-brizy";b:1;s:14:"lastUserEdited";i:1;}}');
;

-- --------------------------------------------------------

--
-- Table structure for table `dlpgrouptermmeta`
--

CREATE TABLE `dlpgrouptermmeta` (
  `meta_id` bigint(20) unsigned NOT NULL AUTO_INCREMENT,
  `term_id` bigint(20) unsigned NOT NULL DEFAULT 0,
  `meta_key` varchar(255) DEFAULT NULL,
  `meta_value` longtext DEFAULT NULL,
  PRIMARY KEY (`meta_id`),
  KEY `term_id` (`term_id`),
  KEY `meta_key` (`meta_key`(191))
) ENGINE=MyISAM  DEFAULT CHARSET=utf8mb3 COLLATE=utf8mb3_general_ci;

--
-- Dumping data for table `dlpgrouptermmeta`
--

INSERT INTO `dlpgrouptermmeta` VALUES
(1, 2, '_kadence_starter_templates_imported_term', '1'),
(2, 3, '_kadence_starter_templates_imported_term', '1'),
(3, 4, '_kadence_starter_templates_imported_term', '1'),
(4, 5, '_kadence_starter_templates_imported_term', '1'),
(5, 6, '_kadence_starter_templates_imported_term', '1'),
(6, 8, 'brizy_uid', 'f64737c2e495448af62741e96a004026'),
(7, 6, 'brizy_uid', '348dc0f03c13fb7af4ba6c999fd44eeb');

-- --------------------------------------------------------

--
-- Table structure for table `dlpgroupterms`
--

CREATE TABLE `dlpgroupterms` (
  `term_id` bigint(20) unsigned NOT NULL AUTO_INCREMENT,
  `name` varchar(200) NOT NULL DEFAULT '',
  `slug` varchar(200) NOT NULL DEFAULT '',
  `term_group` bigint(10) NOT NULL DEFAULT 0,
  PRIMARY KEY (`term_id`),
  KEY `slug` (`slug`(191)),
  KEY `name` (`name`(191))
) ENGINE=MyISAM  DEFAULT CHARSET=utf8mb3 COLLATE=utf8mb3_general_ci;

--
-- Dumping data for table `dlpgroupterms`
--

INSERT INTO `dlpgroupterms` VALUES
(1, 'Uncategorized', 'uncategorized', 0),
(2, 'App', 'app', 0),
(3, 'News', 'news', 0),
(4, 'page', 'page', 0),
(5, 'section', 'section', 0),
(6, 'Dlp menu', 'dlp-menu', 0),
(7, 'landing-page', 'landing-page', 0),
(8, 'Main Menu Demo', 'main-menu-demo', 0),
(9, 'astra', 'astra', 0);

-- --------------------------------------------------------

--
-- Table structure for table `dlpgroupterm_relationships`
--

CREATE TABLE `dlpgroupterm_relationships` (
  `object_id` bigint(20) unsigned NOT NULL DEFAULT 0,
  `term_taxonomy_id` bigint(20) unsigned NOT NULL DEFAULT 0,
  `term_order` int(11) NOT NULL DEFAULT 0,
  PRIMARY KEY (`object_id`,`term_taxonomy_id`),
  KEY `term_taxonomy_id` (`term_taxonomy_id`)
) ENGINE=MyISAM DEFAULT CHARSET=utf8mb3 COLLATE=utf8mb3_general_ci;

--
-- Dumping data for table `dlpgroupterm_relationships`
--

INSERT INTO `dlpgroupterm_relationships` VALUES
(1, 1, 0),
(1853, 9, 0),
(1242, 7, 0),
(779, 2, 0),
(779, 3, 0),
(806, 2, 0),
(808, 2, 0),
(808, 3, 0),
(810, 2, 0),
(810, 3, 0),
(814, 2, 0),
(816, 2, 0),
(816, 3, 0),
(1325, 6, 0),
(1327, 6, 0),
(1410, 6, 0),
(1443, 8, 0),
(1444, 1, 0),
(1445, 8, 0),
(1944, 6, 0);

-- --------------------------------------------------------

--
-- Table structure for table `dlpgroupterm_taxonomy`
--

CREATE TABLE `dlpgroupterm_taxonomy` (
  `term_taxonomy_id` bigint(20) unsigned NOT NULL AUTO_INCREMENT,
  `term_id` bigint(20) unsigned NOT NULL DEFAULT 0,
  `taxonomy` varchar(32) NOT NULL DEFAULT '',
  `description` longtext NOT NULL,
  `parent` bigint(20) unsigned NOT NULL DEFAULT 0,
  `count` bigint(20) NOT NULL DEFAULT 0,
  PRIMARY KEY (`term_taxonomy_id`),
  UNIQUE KEY `term_id_taxonomy` (`term_id`,`taxonomy`),
  KEY `taxonomy` (`taxonomy`)
) ENGINE=MyISAM  DEFAULT CHARSET=utf8mb3 COLLATE=utf8mb3_general_ci;

--
-- Dumping data for table `dlpgroupterm_taxonomy`
--

INSERT INTO `dlpgroupterm_taxonomy` VALUES
(1, 1, 'category', '', 0, 2),
(2, 2, 'category', '', 0, 6),
(3, 3, 'category', '', 0, 4),
(4, 4, 'elementor_library_type', '', 0, 0),
(5, 5, 'elementor_library_type', '', 0, 0),
(6, 6, 'nav_menu', '', 0, 4),
(7, 7, 'elementor_library_type', '', 0, 0),
(8, 8, 'nav_menu', '', 0, 2),
(9, 9, 'wp_theme', '', 0, 1);

-- --------------------------------------------------------

--
-- Table structure for table `dlpgroupusermeta`
--

CREATE TABLE `dlpgroupusermeta` (
  `umeta_id` bigint(20) unsigned NOT NULL AUTO_INCREMENT,
  `user_id` bigint(20) unsigned NOT NULL DEFAULT 0,
  `meta_key` varchar(255) DEFAULT NULL,
  `meta_value` longtext DEFAULT NULL,
  PRIMARY KEY (`umeta_id`),
  KEY `user_id` (`user_id`),
  KEY `meta_key` (`meta_key`(191))
) ENGINE=MyISAM  DEFAULT CHARSET=utf8mb3 COLLATE=utf8mb3_general_ci;

--
-- Dumping data for table `dlpgroupusermeta`
--

INSERT INTO `dlpgroupusermeta` VALUES
(1, 1, 'nickname', 'dlpadmin'),
(2, 1, 'first_name', ''),
(3, 1, 'last_name', ''),
(4, 1, 'description', ''),
(5, 1, 'rich_editing', 'true'),
(6, 1, 'syntax_highlighting', 'true'),
(7, 1, 'comment_shortcuts', 'false'),
(8, 1, 'admin_color', 'fresh'),
(9, 1, 'use_ssl', '0'),
(10, 1, 'show_admin_bar_front', 'true'),
(11, 1, 'locale', ''),
(12, 1, 'dlpgroupcapabilities', 'a:7:{s:13:"administrator";b:1;s:14:"frm_view_forms";b:1;s:14:"frm_edit_forms";b:1;s:16:"frm_delete_forms";b:1;s:19:"frm_change_settings";b:1;s:16:"frm_view_entries";b:1;s:18:"frm_delete_entries";b:1;}'),
(13, 1, 'dlpgroupuser_level', '10'),
(14, 1, 'dismissed_wp_pointers', 'text_widget_custom_html'),
(15, 1, 'show_welcome_panel', '0'),
(16, 1, 'session_tokens', 'a:1:{s:64:"878dc47bdfdfaa042fb99c28f8d3bf5b6aa904ac1531cc38c7ee54fc1bea579b";a:4:{s:10:"expiration";i:1718915099;s:2:"ip";s:14:"102.220.173.60";s:2:"ua";s:111:"Mozilla/5.0 (Windows NT 10.0; Win64; x64) AppleWebKit/537.36 (KHTML, like Gecko) Chrome/125.0.0.0 Safari/537.36";s:5:"login";i:1718742299;}}'),
(17, 1, 'dlpgroupdashboard_quick_press_last_post_id', '2596'),
(18, 1, 'community-events-location', 'a:1:{s:2:"ip";s:13:"102.220.173.0";}'),
(19, 1, 'astra-sites-on-active', 'notice-dismissed'),
(20, 1, 'elementor_introduction', 'a:4:{s:27:"ai-get-started-announcement";b:1;s:20:"globals_introduction";b:1;s:7:"exit_to";b:1;s:6:"e-apps";b:1;}'),
(21, 1, 'announcements_user_counter', '1'),
(22, 1, 'dlpgrouppersisted_preferences', 'a:3:{s:14:"core/edit-post";a:5:{s:26:"isComplementaryAreaVisible";b:1;s:12:"welcomeGuide";b:0;s:10:"openPanels";a:3:{i:0;s:11:"post-status";i:1;s:16:"discussion-panel";i:2;s:14:"featured-image";}s:12:"fixedToolbar";b:0;s:10:"editorMode";s:4:"text";}s:9:"_modified";s:24:"2024-01-11T01:33:10.361Z";s:22:"core/customize-widgets";a:1:{s:12:"welcomeGuide";b:0;}}'),
(23, 1, 'dlpgroupuser-settings', 'libraryContent=browse&editor=tinymce&hidetb=1&editor_plain_text_paste_warning=2'),
(24, 1, 'dlpgroupuser-settings-time', '1686592376'),
(25, 1, 'nav_menu_recently_edited', '6'),
(26, 1, 'managenav-menuscolumnshidden', 'a:5:{i:0;s:11:"link-target";i:1;s:11:"css-classes";i:2;s:3:"xfn";i:3;s:11:"description";i:4;s:15:"title-attribute";}'),
(27, 1, 'metaboxhidden_nav-menus', 'a:2:{i:0;s:28:"add-post-type-e-landing-page";i:1;s:12:"add-post_tag";}'),
(28, 1, 'dlpgroupelementor_connect_common_data', 'a:3:{s:9:"client_id";s:32:"2l5RKpRJCRtIa9o2DAa3IJeRmoerw92i";s:11:"auth_secret";s:32:"3238MxMXj1wqUdE36ZA1Oz8eVn0f0f3O";s:5:"state";s:12:"o9Q3tQGIVGlr";}'),
(29, 1, 'elementor_admin_notices', 'a:1:{s:20:"design_not_appearing";a:2:{s:9:"is_viewed";b:0;s:4:"meta";a:1:{s:7:"version";s:6:"3.17.2";}}}'),
(30, 1, 'frm_reviewed', 'a:3:{s:4:"time";i:1718742444;s:9:"dismissed";b:0;s:5:"asked";i:0;}'),
(31, 2, 'nickname', 'adetomiwa'),
(32, 2, 'first_name', 'Adetomiwa'),
(33, 2, 'last_name', 'Badewole'),
(34, 2, 'description', ''),
(35, 2, 'rich_editing', 'true'),
(36, 2, 'syntax_highlighting', 'true'),
(37, 2, 'comment_shortcuts', 'false'),
(38, 2, 'admin_color', 'fresh'),
(39, 2, 'use_ssl', '0'),
(40, 2, 'show_admin_bar_front', 'true'),
(41, 2, 'locale', ''),
(42, 2, 'dlpgroupcapabilities', 'a:1:{s:13:"administrator";b:1;}'),
(43, 2, 'dlpgroupuser_level', '10'),
(44, 2, 'dismissed_wp_pointers', ''),
(45, 1, 'closedpostboxes_logoshowcase', 'a:2:{i:0;s:17:"wpls-post-metabox";i:1;s:21:"wpls-post-metabox-pro";}'),
(46, 1, 'metaboxhidden_logoshowcase', 'a:1:{i:0;s:7:"slugdiv";}'),
(47, 1, 'frm_dismiss_multiple_forms_warning_1684', '1'),
(48, 1, 'closedpostboxes_dashboard', 'a:6:{i:0;s:15:"brizy_dashboard";i:1;s:21:"dashboard_site_health";i:2;s:19:"dashboard_right_now";i:3;s:18:"dashboard_activity";i:4;s:21:"dashboard_quick_press";i:5;s:17:"dashboard_primary";}'),
(49, 1, 'metaboxhidden_dashboard', 'a:0:{}');

-- --------------------------------------------------------

